{"id":67,"date":"2020-05-21T15:04:17","date_gmt":"2020-05-21T13:04:17","guid":{"rendered":"http:\/\/www.bodegassaenzdesantamaria.com\/es\/tienda\/?post_type=product&#038;p=67"},"modified":"2022-04-07T15:50:31","modified_gmt":"2022-04-07T13:50:31","slug":"senorio-de-rondan-gran-reserva","status":"publish","type":"product","link":"https:\/\/www.bodegassaenzdesantamaria.com\/es\/tienda\/producto\/senorio-de-rondan-gran-reserva\/","title":{"rendered":"Se\u00f1or\u00edo de Rondan Gran Reserva"},"content":{"rendered":"","protected":false},"excerpt":{"rendered":"<div class=\"col col_6 completo-768\">\n<p class=\"s-s\"><strong>Bodegas S\u00e1enz de Santamar\u00eda ha cuidado con esmero y ha seleccionado las cosechas m\u00e1s excepcionales. Por eso \u2018SE\u00d1OR\u00cdO DE RONDAN\u2019 es un vino que ha demostrado una gran estructura, plenitud de aromas, elegancia y gran equilibrio en boca como corresponde a un t\u00edpico rioja de estas caracter\u00edsticas.<\/strong><\/p>\n<p>Botella 75cl.<\/p>\n<\/div>\n<p>70% tempranillo<br \/>\n20% garnacha<br \/>\n10% mazuelo\/graciano<\/p>\n<p><a href=\"https:\/\/www.bodegassaenzdesantamaria.com\/pdf\/sen%CC%83orio-de-rondan_ES.pdf\" target=\"_blank\" rel=\"noopener noreferrer\">Ver ficha completa<\/a><\/p>\n","protected":false},"featured_media":69,"comment_status":"closed","ping_status":"closed","template":"","meta":[],"product_brand":[],"product_cat":[15],"product_tag":[],"class_list":{"0":"post-67","1":"product","2":"type-product","3":"status-publish","4":"has-post-thumbnail","6":"product_cat-sin-categorizar","8":"first","9":"instock","10":"shipping-taxable","11":"purchasable","12":"product-type-simple"},"_links":{"self":[{"href":"https:\/\/www.bodegassaenzdesantamaria.com\/es\/tienda\/wp-json\/wp\/v2\/product\/67","targetHints":{"allow":["GET"]}}],"collection":[{"href":"https:\/\/www.bodegassaenzdesantamaria.com\/es\/tienda\/wp-json\/wp\/v2\/product"}],"about":[{"href":"https:\/\/www.bodegassaenzdesantamaria.com\/es\/tienda\/wp-json\/wp\/v2\/types\/product"}],"replies":[{"embeddable":true,"href":"https:\/\/www.bodegassaenzdesantamaria.com\/es\/tienda\/wp-json\/wp\/v2\/comments?post=67"}],"wp:featuredmedia":[{"embeddable":true,"href":"https:\/\/www.bodegassaenzdesantamaria.com\/es\/tienda\/wp-json\/wp\/v2\/media\/69"}],"wp:attachment":[{"href":"https:\/\/www.bodegassaenzdesantamaria.com\/es\/tienda\/wp-json\/wp\/v2\/media?parent=67"}],"wp:term":[{"taxonomy":"product_brand","embeddable":true,"href":"https:\/\/www.bodegassaenzdesantamaria.com\/es\/tienda\/wp-json\/wp\/v2\/product_brand?post=67"},{"taxonomy":"product_cat","embeddable":true,"href":"https:\/\/www.bodegassaenzdesantamaria.com\/es\/tienda\/wp-json\/wp\/v2\/product_cat?post=67"},{"taxonomy":"product_tag","embeddable":true,"href":"https:\/\/www.bodegassaenzdesantamaria.com\/es\/tienda\/wp-json\/wp\/v2\/product_tag?post=67"}],"curies":[{"name":"wp","href":"https:\/\/api.w.org\/{rel}","templated":true}]}}